{"id":69,"date":"2020-12-17T11:20:50","date_gmt":"2020-12-17T10:20:50","guid":{"rendered":"https:\/\/www.laufdersympathie.de\/?page_id=69"},"modified":"2026-03-10T11:20:57","modified_gmt":"2026-03-10T10:20:57","slug":"anmeldung","status":"publish","type":"page","link":"https:\/\/www.laufdersympathie.de\/?page_id=69","title":{"rendered":"Anmeldung"},"content":{"rendered":"\n<p>Liebe L\u00e4uferinnen und L\u00e4ufer!<\/p>\n\n\n\n<p>Die Zeitmessung und die Anmeldung wird von unserem Partner Ziel-Zeit \u00fcbernommen. <a href=\"https:\/\/anmeldung.laufauswertung.com\/Anmeldung\/index.php?VID=214F611B20\" data-type=\"URL\">Den Link zur Anmeldung findet ihr hier. <\/a>Zeitmessung erfolgt \u00fcber Transponder in der Startnummer.<\/p>\n\n\n\n<p><strong>Meldegeb\u00fchren 2026:<\/strong><\/p>\n\n\n\n<p>Auch in diesem Jahr haben wir die Startgeb\u00fchren &#8211; trotz zum Teil deutlicher Kostensteigerungen &#8211; nicht ver\u00e4ndert. <br><\/p>\n\n\n\n<p>Bei Meldungen<br>bis zum 31.12.2025 werden 18,00 EUR f\u00e4llig<br>bis zum 01.03.2026 werden 20,00 EUR f\u00e4llig<br>bis zum 08.03.2026 werden 22,00 EUR f\u00e4llig<br>Jugendliche zahlen jeweils 2 EUR weniger.<br><\/p>\n\n\n\n<p>Nachmeldungen am 13.03. &amp; 14.03.2026 kosten 25,00 EUR und sind nur f\u00fcr die 10 km Strecke m\u00f6glich.<\/p>\n\n\n\n<p><a href=\"https:\/\/anmeldung.laufauswertung.com\/Anmeldung\/show_startlist.php?VID=214F611B20\" data-type=\"URL\">Den aktuellen Anmeldestand k\u00f6nnt ihr in der Anmeldeliste ansehen.<\/a><\/p>\n\n\n\n<p><\/p>\n\n\n\n<p><\/p>\n","protected":false},"excerpt":{"rendered":"<p>Liebe L\u00e4uferinnen und L\u00e4ufer! Die Zeitmessung und die Anmeldung wird von unserem Partner Ziel-Zeit \u00fcbernommen. Den Link zur Anmeldung findet ihr hier. Zeitmessung erfolgt \u00fcber Transponder in der Startnummer. Meldegeb\u00fchren 2026: Auch in diesem Jahr haben wir die Startgeb\u00fchren &#8211; trotz zum Teil deutlicher Kostensteigerungen &#8211; nicht ver\u00e4ndert. Bei Meldungenbis zum 31.12.2025 werden 18,00 EUR&hellip; <a class=\"more-link\" href=\"https:\/\/www.laufdersympathie.de\/?page_id=69\"><span class=\"screen-reader-text\">Anmeldung<\/span> weiterlesen<\/a><\/p>\n","protected":false},"author":1,"featured_media":0,"parent":47,"menu_order":3,"comment_status":"closed","ping_status":"closed","template":"","meta":[],"folder":[],"_links":{"self":[{"href":"https:\/\/www.laufdersympathie.de\/index.php?rest_route=\/wp\/v2\/pages\/69"}],"collection":[{"href":"https:\/\/www.laufdersympathie.de\/index.php?rest_route=\/wp\/v2\/pages"}],"about":[{"href":"https:\/\/www.laufdersympathie.de\/index.php?rest_route=\/wp\/v2\/types\/page"}],"author":[{"embeddable":true,"href":"https:\/\/www.laufdersympathie.de\/index.php?rest_route=\/wp\/v2\/users\/1"}],"replies":[{"embeddable":true,"href":"https:\/\/www.laufdersympathie.de\/index.php?rest_route=%2Fwp%2Fv2%2Fcomments&post=69"}],"version-history":[{"count":20,"href":"https:\/\/www.laufdersympathie.de\/index.php?rest_route=\/wp\/v2\/pages\/69\/revisions"}],"predecessor-version":[{"id":546,"href":"https:\/\/www.laufdersympathie.de\/index.php?rest_route=\/wp\/v2\/pages\/69\/revisions\/546"}],"up":[{"embeddable":true,"href":"https:\/\/www.laufdersympathie.de\/index.php?rest_route=\/wp\/v2\/pages\/47"}],"wp:attachment":[{"href":"https:\/\/www.laufdersympathie.de\/index.php?rest_route=%2Fwp%2Fv2%2Fmedia&parent=69"}],"wp:term":[{"taxonomy":"folder","embeddable":true,"href":"https:\/\/www.laufdersympathie.de\/index.php?rest_route=%2Fwp%2Fv2%2Ffolder&post=69"}],"curies":[{"name":"wp","href":"https:\/\/api.w.org\/{rel}","templated":true}]}}