{"id":58,"date":"2020-12-17T11:15:05","date_gmt":"2020-12-17T10:15:05","guid":{"rendered":"https:\/\/www.laufdersympathie.de\/?page_id=58"},"modified":"2020-12-21T20:11:02","modified_gmt":"2020-12-21T19:11:02","slug":"kontakt","status":"publish","type":"page","link":"https:\/\/www.laufdersympathie.de\/?page_id=58","title":{"rendered":"Kontakt"},"content":{"rendered":"\n<p class=\"has-text-align-left\">Vielen Dank f\u00fcr Dein Interesse an unserem Lauf.<br>Hier kannst Du mit uns in Kontakt treten. Einfach die Felder<br>ausf\u00fcllen und abschicken. Wir werden dann schnellstm\u00f6glich<br>mit Dir in Verbindung treten und und uns um Dein Anliegen k\u00fcmmern.<\/p>\n\n\n\n<p>Nat\u00fcrlich kannst Du uns auch eine Mail schreiben an: <a href=\"mailto: lds@vfv-spandau.de\" data-type=\"mailto\" data-id=\"mailto: lds@vfv-spandau.de\">lds[at]vfv-spdandau.de<\/a><\/p>\n\n\n\n<div class=\"wp-block-columns\">\n<div class=\"wp-block-column is-vertically-aligned-center\" style=\"flex-basis:100%\">\n<div class=\"wp-block-contact-form-7-contact-form-selector\">[contact-form-7 id=&#8220;134&#8243; title=&#8220;Kontaktformular 1&#8243;]<\/div>\n<\/div>\n<\/div>\n","protected":false},"excerpt":{"rendered":"<p>Vielen Dank f\u00fcr Dein Interesse an unserem Lauf.Hier kannst Du mit uns in Kontakt treten. Einfach die Felderausf\u00fcllen und abschicken. Wir werden dann schnellstm\u00f6glichmit Dir in Verbindung treten und und uns um Dein Anliegen k\u00fcmmern. Nat\u00fcrlich kannst Du uns auch eine Mail schreiben an: lds[at]vfv-spdandau.de<\/p>\n","protected":false},"author":1,"featured_media":0,"parent":0,"menu_order":5,"comment_status":"closed","ping_status":"closed","template":"","meta":[],"folder":[],"_links":{"self":[{"href":"https:\/\/www.laufdersympathie.de\/index.php?rest_route=\/wp\/v2\/pages\/58"}],"collection":[{"href":"https:\/\/www.laufdersympathie.de\/index.php?rest_route=\/wp\/v2\/pages"}],"about":[{"href":"https:\/\/www.laufdersympathie.de\/index.php?rest_route=\/wp\/v2\/types\/page"}],"author":[{"embeddable":true,"href":"https:\/\/www.laufdersympathie.de\/index.php?rest_route=\/wp\/v2\/users\/1"}],"replies":[{"embeddable":true,"href":"https:\/\/www.laufdersympathie.de\/index.php?rest_route=%2Fwp%2Fv2%2Fcomments&post=58"}],"version-history":[{"count":9,"href":"https:\/\/www.laufdersympathie.de\/index.php?rest_route=\/wp\/v2\/pages\/58\/revisions"}],"predecessor-version":[{"id":216,"href":"https:\/\/www.laufdersympathie.de\/index.php?rest_route=\/wp\/v2\/pages\/58\/revisions\/216"}],"wp:attachment":[{"href":"https:\/\/www.laufdersympathie.de\/index.php?rest_route=%2Fwp%2Fv2%2Fmedia&parent=58"}],"wp:term":[{"taxonomy":"folder","embeddable":true,"href":"https:\/\/www.laufdersympathie.de\/index.php?rest_route=%2Fwp%2Fv2%2Ffolder&post=58"}],"curies":[{"name":"wp","href":"https:\/\/api.w.org\/{rel}","templated":true}]}}